{"id":3375,"date":"2019-02-18T14:29:47","date_gmt":"2019-02-18T13:29:47","guid":{"rendered":"https:\/\/grandsite-capserquyfrehel.com\/?page_id=3375"},"modified":"2019-02-18T14:29:47","modified_gmt":"2019-02-18T13:29:47","slug":"operation-grand-site-in-action","status":"publish","type":"page","link":"https:\/\/grandsite-capserquyfrehel.com\/en\/the-grand-site-in-pictures\/operation-grand-site-in-action\/","title":{"rendered":"Operation Grand Site in action &#8230;"},"content":{"rendered":"<div id=\"su_slider_69f406998d87e\" class=\"su-slider su-slider-pages-no su-slider-responsive-yes\" style=\"width:100%\" data-autoplay=\"3000\" data-speed=\"600\" data-mousewheel=\"false\"><div class=\"su-slider-slides\"><div class=\"su-slider-slide\"><a><img decoding=\"async\" src=\"https:\/\/grandsite-capserquyfrehel.com\/wp-content\/uploads\/2018\/08\/GrandSiteCapsErquyFrehel_CapFrehel_Dec2017-19-1200x600.jpg\" alt=\"Cr\u00e9ation d&#8217;un Belv\u00e9d\u00e8re sur le Cap Fr\u00e9hel\" \/><span class=\"su-slider-slide-title\">Cr\u00e9ation d&#8217;un Belv\u00e9d\u00e8re sur le Cap Fr\u00e9hel<\/span><\/a><\/div><div class=\"su-slider-slide\"><a><img decoding=\"async\" src=\"https:\/\/grandsite-capserquyfrehel.com\/wp-content\/uploads\/2018\/08\/GrandSiteCapsErquyFrehel_CapFrehel_Dec2017-10-1200x600.jpg\" alt=\"S\u00e9curisation de la pointe du Cap Fr\u00e9hel\" \/><span class=\"su-slider-slide-title\">S\u00e9curisation de la pointe du Cap Fr\u00e9hel<\/span><\/a><\/div><div class=\"su-slider-slide\"><a><img decoding=\"async\" src=\"https:\/\/grandsite-capserquyfrehel.com\/wp-content\/uploads\/2018\/08\/Erquy-Divers-Bruno-Torrubia-2017-18-1200x600.jpg\" alt=\"Cr\u00e9ation d&#8217;une liaison Port-Cap sur le Cap d&#8217;Erquy\" \/><span class=\"su-slider-slide-title\">Cr\u00e9ation d&#8217;une liaison Port-Cap sur le Cap d&#8217;Erquy<\/span><\/a><\/div><div class=\"su-slider-slide\"><a><img decoding=\"async\" src=\"https:\/\/grandsite-capserquyfrehel.com\/wp-content\/uploads\/2018\/08\/2017_SMGSCECF_OPP_88-1200x600.jpg\" alt=\"Cr\u00e9ation d&#8217;une v\u00e9lo route voie vert entre les deux caps\" \/><span class=\"su-slider-slide-title\">Cr\u00e9ation d&#8217;une v\u00e9lo route voie vert entre les deux caps<\/span><\/a><\/div><div class=\"su-slider-slide\"><a><img decoding=\"async\" src=\"https:\/\/grandsite-capserquyfrehel.com\/wp-content\/uploads\/2018\/08\/2017_SMGSCECF_OPP_84-1200x600.jpg\" alt=\"Cr\u00e9ation d&#8217;un stationnement \u00e0 l&#8217;entr\u00e9e du Bourg de Pl\u00e9venon\" \/><span class=\"su-slider-slide-title\">Cr\u00e9ation d&#8217;un stationnement \u00e0 l&#8217;entr\u00e9e du Bourg de Pl\u00e9venon<\/span><\/a><\/div><div class=\"su-slider-slide\"><a><img decoding=\"async\" src=\"https:\/\/grandsite-capserquyfrehel.com\/wp-content\/uploads\/2018\/08\/2017_SMGSCECF_OPP_40-Copie-1200x600.jpg\" alt=\"Cr\u00e9ation d&#8217;une liaison douce entre Sables d&#8217;Or-les-Pins et le bourg de Plurien\" \/><span class=\"su-slider-slide-title\">Cr\u00e9ation d&#8217;une liaison douce entre Sables d&#8217;Or-les-Pins et le bourg de Plurien<\/span><\/a><\/div><div class=\"su-slider-slide\"><a><img decoding=\"async\" src=\"https:\/\/grandsite-capserquyfrehel.com\/wp-content\/uploads\/2018\/08\/2017_SMGSCECF_OPP_15-1200x600.jpg\" alt=\"Aire de stationnement du Cap d&#8217;Erquy\" \/><span class=\"su-slider-slide-title\">Aire de stationnement du Cap d&#8217;Erquy<\/span><\/a><\/div><div class=\"su-slider-slide\"><a><img decoding=\"async\" src=\"https:\/\/grandsite-capserquyfrehel.com\/wp-content\/uploads\/2018\/08\/GrandsiteCapsErquyFrehel_SallePanoramiqueCrieeErquy_Juillet2018-26-1200x600.jpg\" alt=\"Salle panoramique de la Cri\u00e9e d&#8217;Erquy\" \/><span class=\"su-slider-slide-title\">Salle panoramique de la Cri\u00e9e d&#8217;Erquy<\/span><\/a><\/div><\/div><div class=\"su-slider-nav\"><div class=\"su-slider-direction\"><span class=\"su-slider-prev\"><\/span><span class=\"su-slider-next\"><\/span><\/div><div class=\"su-slider-pagination\"><\/div><\/div><\/div>\n","protected":false},"excerpt":{"rendered":"","protected":false},"author":2,"featured_media":2259,"parent":319,"menu_order":1,"comment_status":"closed","ping_status":"closed","template":"","meta":{"_acf_changed":false,"_exactmetrics_skip_tracking":false,"_exactmetrics_sitenote_active":false,"_exactmetrics_sitenote_note":"","_exactmetrics_sitenote_category":0,"_monsterinsights_skip_tracking":false,"_monsterinsights_sitenote_active":false,"_monsterinsights_sitenote_note":"","_monsterinsights_sitenote_category":0,"footnotes":""},"class_list":["post-3375","page","type-page","status-publish","has-post-thumbnail","hentry"],"acf":[],"_links":{"self":[{"href":"https:\/\/grandsite-capserquyfrehel.com\/en\/wp-json\/wp\/v2\/pages\/3375","targetHints":{"allow":["GET"]}}],"collection":[{"href":"https:\/\/grandsite-capserquyfrehel.com\/en\/wp-json\/wp\/v2\/pages"}],"about":[{"href":"https:\/\/grandsite-capserquyfrehel.com\/en\/wp-json\/wp\/v2\/types\/page"}],"author":[{"embeddable":true,"href":"https:\/\/grandsite-capserquyfrehel.com\/en\/wp-json\/wp\/v2\/users\/2"}],"replies":[{"embeddable":true,"href":"https:\/\/grandsite-capserquyfrehel.com\/en\/wp-json\/wp\/v2\/comments?post=3375"}],"version-history":[{"count":1,"href":"https:\/\/grandsite-capserquyfrehel.com\/en\/wp-json\/wp\/v2\/pages\/3375\/revisions"}],"predecessor-version":[{"id":3376,"href":"https:\/\/grandsite-capserquyfrehel.com\/en\/wp-json\/wp\/v2\/pages\/3375\/revisions\/3376"}],"up":[{"embeddable":true,"href":"https:\/\/grandsite-capserquyfrehel.com\/en\/wp-json\/wp\/v2\/pages\/319"}],"wp:featuredmedia":[{"embeddable":true,"href":"https:\/\/grandsite-capserquyfrehel.com\/en\/wp-json\/wp\/v2\/media\/2259"}],"wp:attachment":[{"href":"https:\/\/grandsite-capserquyfrehel.com\/en\/wp-json\/wp\/v2\/media?parent=3375"}],"curies":[{"name":"wp","href":"https:\/\/api.w.org\/{rel}","templated":true}]}}

<div id="su_slider_69f406998d87e" class="su-slider su-slider-pages-no su-slider-responsive-yes" style="width:100%" data-autoplay="3000" data-speed="600" data-mousewheel="false"><div class="su-slider-slides"><div class="su-slider-slide"><a><img decoding="async" src="https://grandsite-capserquyfrehel.com/wp-content/uploads/2018/08/GrandSiteCapsErquyFrehel_CapFrehel_Dec2017-19-1200x600.jpg" alt="Création d&#8217;un Belvédère sur le Cap Fréhel" /><span class="su-slider-slide-title">Création d&#8217;un Belvédère sur le Cap Fréhel</span></a></div><div class="su-slider-slide"><a><img decoding="async" src="https://grandsite-capserquyfrehel.com/wp-content/uploads/2018/08/GrandSiteCapsErquyFrehel_CapFrehel_Dec2017-10-1200x600.jpg" alt="Sécurisation de la pointe du Cap Fréhel" /><span class="su-slider-slide-title">Sécurisation de la pointe du Cap Fréhel</span></a></div><div class="su-slider-slide"><a><img decoding="async" src="https://grandsite-capserquyfrehel.com/wp-content/uploads/2018/08/Erquy-Divers-Bruno-Torrubia-2017-18-1200x600.jpg" alt="Création d&#8217;une liaison Port-Cap sur le Cap d&#8217;Erquy" /><span class="su-slider-slide-title">Création d&#8217;une liaison Port-Cap sur le Cap d&#8217;Erquy</span></a></div><div class="su-slider-slide"><a><img decoding="async" src="https://grandsite-capserquyfrehel.com/wp-content/uploads/2018/08/2017_SMGSCECF_OPP_88-1200x600.jpg" alt="Création d&#8217;une vélo route voie vert entre les deux caps" /><span class="su-slider-slide-title">Création d&#8217;une vélo route voie vert entre les deux caps</span></a></div><div class="su-slider-slide"><a><img decoding="async" src="https://grandsite-capserquyfrehel.com/wp-content/uploads/2018/08/2017_SMGSCECF_OPP_84-1200x600.jpg" alt="Création d&#8217;un stationnement à l&#8217;entrée du Bourg de Plévenon" /><span class="su-slider-slide-title">Création d&#8217;un stationnement à l&#8217;entrée du Bourg de Plévenon</span></a></div><div class="su-slider-slide"><a><img decoding="async" src="https://grandsite-capserquyfrehel.com/wp-content/uploads/2018/08/2017_SMGSCECF_OPP_40-Copie-1200x600.jpg" alt="Création d&#8217;une liaison douce entre Sables d&#8217;Or-les-Pins et le bourg de Plurien" /><span class="su-slider-slide-title">Création d&#8217;une liaison douce entre Sables d&#8217;Or-les-Pins et le bourg de Plurien</span></a></div><div class="su-slider-slide"><a><img decoding="async" src="https://grandsite-capserquyfrehel.com/wp-content/uploads/2018/08/2017_SMGSCECF_OPP_15-1200x600.jpg" alt="Aire de stationnement du Cap d&#8217;Erquy" /><span class="su-slider-slide-title">Aire de stationnement du Cap d&#8217;Erquy</span></a></div><div class="su-slider-slide"><a><img decoding="async" src="https://grandsite-capserquyfrehel.com/wp-content/uploads/2018/08/GrandsiteCapsErquyFrehel_SallePanoramiqueCrieeErquy_Juillet2018-26-1200x600.jpg" alt="Salle panoramique de la Criée d&#8217;Erquy" /><span class="su-slider-slide-title">Salle panoramique de la Criée d&#8217;Erquy</span></a></div></div><div class="su-slider-nav"><div class="su-slider-direction"><span class="su-slider-prev"></span><span class="su-slider-next"></span></div><div class="su-slider-pagination"></div></div></div>
