{"id":3377,"date":"2019-02-18T14:30:45","date_gmt":"2019-02-18T13:30:45","guid":{"rendered":"https:\/\/grandsite-capserquyfrehel.com\/?page_id=3377"},"modified":"2019-02-18T14:30:45","modified_gmt":"2019-02-18T13:30:45","slug":"wild-landscapes","status":"publish","type":"page","link":"https:\/\/grandsite-capserquyfrehel.com\/en\/the-grand-site-in-pictures\/wild-landscapes\/","title":{"rendered":"Wild landscapes"},"content":{"rendered":"<div id=\"su_slider_69f3f4246cd59\" class=\"su-slider su-slider-pages-no su-slider-responsive-yes\" style=\"width:100%\" data-autoplay=\"3000\" data-speed=\"600\" data-mousewheel=\"false\"><div class=\"su-slider-slides\"><div class=\"su-slider-slide\"><a><img decoding=\"async\" src=\"https:\/\/grandsite-capserquyfrehel.com\/wp-content\/uploads\/2018\/05\/Paysage_AnsePortBlanc_GSCECF-1200x600.jpg\" alt=\"Anse de Port Blanc &#8211; Cap d&#8217;Erquy\" \/><span class=\"su-slider-slide-title\">Anse de Port Blanc &#8211; Cap d&#8217;Erquy<\/span><\/a><\/div><div class=\"su-slider-slide\"><a><img decoding=\"async\" src=\"https:\/\/grandsite-capserquyfrehel.com\/wp-content\/uploads\/2018\/05\/Paysage_BaieFresnaye_GSCECF-1200x600.jpg\" alt=\"La Baie de la Fresnaye depuis Port Nieux\" \/><span class=\"su-slider-slide-title\">La Baie de la Fresnaye depuis Port Nieux<\/span><\/a><\/div><div class=\"su-slider-slide\"><a><img decoding=\"async\" src=\"https:\/\/grandsite-capserquyfrehel.com\/wp-content\/uploads\/2018\/05\/Paysage_CampagnePlevenonaise_GSCECF-1200x600.jpg\" alt=\"La campagne Pl\u00e9venonaise\" \/><span class=\"su-slider-slide-title\">La campagne Pl\u00e9venonaise<\/span><\/a><\/div><div class=\"su-slider-slide\"><a><img decoding=\"async\" src=\"https:\/\/grandsite-capserquyfrehel.com\/wp-content\/uploads\/2018\/05\/Paysage_FalaisesCapFrehel_GSCECF_Bis-1200x600.jpg\" alt=\"Les falaises du Cap Frehel\" \/><span class=\"su-slider-slide-title\">Les falaises du Cap Frehel<\/span><\/a><\/div><div class=\"su-slider-slide\"><a><img decoding=\"async\" src=\"https:\/\/grandsite-capserquyfrehel.com\/wp-content\/uploads\/2018\/05\/Paysage_Fauconniere_GSCECF_Bis-1200x600.jpg\" alt=\"La Fauconni\u00e8re, site ornithologique &#8211; Cap Fr\u00e9hel\" \/><span class=\"su-slider-slide-title\">La Fauconni\u00e8re, site ornithologique &#8211; Cap Fr\u00e9hel<\/span><\/a><\/div><div class=\"su-slider-slide\"><a><img decoding=\"async\" src=\"https:\/\/grandsite-capserquyfrehel.com\/wp-content\/uploads\/2018\/05\/Paysage_GreveEnBas_GSCECF-1200x600.jpg\" alt=\"Paysage depuis les Gr\u00e9ves d&#8217;En Bas &#8211; Cap Fr\u00e9hel\" \/><span class=\"su-slider-slide-title\">Paysage depuis les Gr\u00e9ves d&#8217;En Bas &#8211; Cap Fr\u00e9hel<\/span><\/a><\/div><div class=\"su-slider-slide\"><a><img decoding=\"async\" src=\"https:\/\/grandsite-capserquyfrehel.com\/wp-content\/uploads\/2018\/05\/Paysage_IlotSM_GSCECF-1200x600.jpg\" alt=\"Ilot Saint-Michel &#8211; Erquy\" \/><span class=\"su-slider-slide-title\">Ilot Saint-Michel &#8211; Erquy<\/span><\/a><\/div><div class=\"su-slider-slide\"><a><img decoding=\"async\" src=\"https:\/\/grandsite-capserquyfrehel.com\/wp-content\/uploads\/2018\/05\/Paysage_LandeCE_GSCECF-1-1200x600.jpg\" alt=\"Lande du Cap d&#8217;Erquy\" \/><span class=\"su-slider-slide-title\">Lande du Cap d&#8217;Erquy<\/span><\/a><\/div><div class=\"su-slider-slide\"><a><img decoding=\"async\" src=\"https:\/\/grandsite-capserquyfrehel.com\/wp-content\/uploads\/2018\/05\/Paysage_MaraisSablesDOr_GSCECF-1200x600.jpg\" alt=\"Estuaire de l&#8217;Islet &#8211; Sables d&#8217;Or-Les-Pins\" \/><span class=\"su-slider-slide-title\">Estuaire de l&#8217;Islet &#8211; Sables d&#8217;Or-Les-Pins<\/span><\/a><\/div><div class=\"su-slider-slide\"><a><img decoding=\"async\" src=\"https:\/\/grandsite-capserquyfrehel.com\/wp-content\/uploads\/2018\/05\/Paysage_MoulinDeLaMer_GSCECF-1200x600.jpg\" alt=\"Ancien moulin \u00e0 mar\u00e9e &#8211; Vall\u00e9e du moulin de la Mer\" \/><span class=\"su-slider-slide-title\">Ancien moulin \u00e0 mar\u00e9e &#8211; Vall\u00e9e du moulin de la Mer<\/span><\/a><\/div><div class=\"su-slider-slide\"><a><img decoding=\"async\" src=\"https:\/\/grandsite-capserquyfrehel.com\/wp-content\/uploads\/2018\/05\/Paysage_PlageLourtuais_GSCECF-1200x600.jpg\" alt=\"Plage de Lourtuais &#8211; Cap d&#8217;Erquy\" \/><span class=\"su-slider-slide-title\">Plage de Lourtuais &#8211; Cap d&#8217;Erquy<\/span><\/a><\/div><div class=\"su-slider-slide\"><a><img decoding=\"async\" src=\"https:\/\/grandsite-capserquyfrehel.com\/wp-content\/uploads\/2018\/05\/Paysage_Pleherel_GSCECF-1200x600.jpg\" alt=\"Le Cap Fr\u00e9hel vu de Pl\u00e9h\u00e9rel-Plage\" \/><span class=\"su-slider-slide-title\">Le Cap Fr\u00e9hel vu de Pl\u00e9h\u00e9rel-Plage<\/span><\/a><\/div><div class=\"su-slider-slide\"><a><img decoding=\"async\" src=\"https:\/\/grandsite-capserquyfrehel.com\/wp-content\/uploads\/2018\/05\/Paysage_Pointe4Vents_GSCECF-1200x600.jpg\" alt=\"Pointe des 4 Vents &#8211; Cap d&#8217;Erquy\" \/><span class=\"su-slider-slide-title\">Pointe des 4 Vents &#8211; Cap d&#8217;Erquy<\/span><\/a><\/div><\/div><div class=\"su-slider-nav\"><div class=\"su-slider-direction\"><span class=\"su-slider-prev\"><\/span><span class=\"su-slider-next\"><\/span><\/div><div class=\"su-slider-pagination\"><\/div><\/div><\/div>\n","protected":false},"excerpt":{"rendered":"","protected":false},"author":2,"featured_media":1007,"parent":319,"menu_order":2,"comment_status":"closed","ping_status":"closed","template":"","meta":{"_acf_changed":false,"_exactmetrics_skip_tracking":false,"_exactmetrics_sitenote_active":false,"_exactmetrics_sitenote_note":"","_exactmetrics_sitenote_category":0,"_monsterinsights_skip_tracking":false,"_monsterinsights_sitenote_active":false,"_monsterinsights_sitenote_note":"","_monsterinsights_sitenote_category":0,"footnotes":""},"class_list":["post-3377","page","type-page","status-publish","has-post-thumbnail","hentry"],"acf":[],"_links":{"self":[{"href":"https:\/\/grandsite-capserquyfrehel.com\/en\/wp-json\/wp\/v2\/pages\/3377","targetHints":{"allow":["GET"]}}],"collection":[{"href":"https:\/\/grandsite-capserquyfrehel.com\/en\/wp-json\/wp\/v2\/pages"}],"about":[{"href":"https:\/\/grandsite-capserquyfrehel.com\/en\/wp-json\/wp\/v2\/types\/page"}],"author":[{"embeddable":true,"href":"https:\/\/grandsite-capserquyfrehel.com\/en\/wp-json\/wp\/v2\/users\/2"}],"replies":[{"embeddable":true,"href":"https:\/\/grandsite-capserquyfrehel.com\/en\/wp-json\/wp\/v2\/comments?post=3377"}],"version-history":[{"count":1,"href":"https:\/\/grandsite-capserquyfrehel.com\/en\/wp-json\/wp\/v2\/pages\/3377\/revisions"}],"predecessor-version":[{"id":3378,"href":"https:\/\/grandsite-capserquyfrehel.com\/en\/wp-json\/wp\/v2\/pages\/3377\/revisions\/3378"}],"up":[{"embeddable":true,"href":"https:\/\/grandsite-capserquyfrehel.com\/en\/wp-json\/wp\/v2\/pages\/319"}],"wp:featuredmedia":[{"embeddable":true,"href":"https:\/\/grandsite-capserquyfrehel.com\/en\/wp-json\/wp\/v2\/media\/1007"}],"wp:attachment":[{"href":"https:\/\/grandsite-capserquyfrehel.com\/en\/wp-json\/wp\/v2\/media?parent=3377"}],"curies":[{"name":"wp","href":"https:\/\/api.w.org\/{rel}","templated":true}]}}

<div id="su_slider_69f3f4246cd59" class="su-slider su-slider-pages-no su-slider-responsive-yes" style="width:100%" data-autoplay="3000" data-speed="600" data-mousewheel="false"><div class="su-slider-slides"><div class="su-slider-slide"><a><img decoding="async" src="https://grandsite-capserquyfrehel.com/wp-content/uploads/2018/05/Paysage_AnsePortBlanc_GSCECF-1200x600.jpg" alt="Anse de Port Blanc &#8211; Cap d&#8217;Erquy" /><span class="su-slider-slide-title">Anse de Port Blanc &#8211; Cap d&#8217;Erquy</span></a></div><div class="su-slider-slide"><a><img decoding="async" src="https://grandsite-capserquyfrehel.com/wp-content/uploads/2018/05/Paysage_BaieFresnaye_GSCECF-1200x600.jpg" alt="La Baie de la Fresnaye depuis Port Nieux" /><span class="su-slider-slide-title">La Baie de la Fresnaye depuis Port Nieux</span></a></div><div class="su-slider-slide"><a><img decoding="async" src="https://grandsite-capserquyfrehel.com/wp-content/uploads/2018/05/Paysage_CampagnePlevenonaise_GSCECF-1200x600.jpg" alt="La campagne Plévenonaise" /><span class="su-slider-slide-title">La campagne Plévenonaise</span></a></div><div class="su-slider-slide"><a><img decoding="async" src="https://grandsite-capserquyfrehel.com/wp-content/uploads/2018/05/Paysage_FalaisesCapFrehel_GSCECF_Bis-1200x600.jpg" alt="Les falaises du Cap Frehel" /><span class="su-slider-slide-title">Les falaises du Cap Frehel</span></a></div><div class="su-slider-slide"><a><img decoding="async" src="https://grandsite-capserquyfrehel.com/wp-content/uploads/2018/05/Paysage_Fauconniere_GSCECF_Bis-1200x600.jpg" alt="La Fauconnière, site ornithologique &#8211; Cap Fréhel" /><span class="su-slider-slide-title">La Fauconnière, site ornithologique &#8211; Cap Fréhel</span></a></div><div class="su-slider-slide"><a><img decoding="async" src="https://grandsite-capserquyfrehel.com/wp-content/uploads/2018/05/Paysage_GreveEnBas_GSCECF-1200x600.jpg" alt="Paysage depuis les Gréves d&#8217;En Bas &#8211; Cap Fréhel" /><span class="su-slider-slide-title">Paysage depuis les Gréves d&#8217;En Bas &#8211; Cap Fréhel</span></a></div><div class="su-slider-slide"><a><img decoding="async" src="https://grandsite-capserquyfrehel.com/wp-content/uploads/2018/05/Paysage_IlotSM_GSCECF-1200x600.jpg" alt="Ilot Saint-Michel &#8211; Erquy" /><span class="su-slider-slide-title">Ilot Saint-Michel &#8211; Erquy</span></a></div><div class="su-slider-slide"><a><img decoding="async" src="https://grandsite-capserquyfrehel.com/wp-content/uploads/2018/05/Paysage_LandeCE_GSCECF-1-1200x600.jpg" alt="Lande du Cap d&#8217;Erquy" /><span class="su-slider-slide-title">Lande du Cap d&#8217;Erquy</span></a></div><div class="su-slider-slide"><a><img decoding="async" src="https://grandsite-capserquyfrehel.com/wp-content/uploads/2018/05/Paysage_MaraisSablesDOr_GSCECF-1200x600.jpg" alt="Estuaire de l&#8217;Islet &#8211; Sables d&#8217;Or-Les-Pins" /><span class="su-slider-slide-title">Estuaire de l&#8217;Islet &#8211; Sables d&#8217;Or-Les-Pins</span></a></div><div class="su-slider-slide"><a><img decoding="async" src="https://grandsite-capserquyfrehel.com/wp-content/uploads/2018/05/Paysage_MoulinDeLaMer_GSCECF-1200x600.jpg" alt="Ancien moulin à marée &#8211; Vallée du moulin de la Mer" /><span class="su-slider-slide-title">Ancien moulin à marée &#8211; Vallée du moulin de la Mer</span></a></div><div class="su-slider-slide"><a><img decoding="async" src="https://grandsite-capserquyfrehel.com/wp-content/uploads/2018/05/Paysage_PlageLourtuais_GSCECF-1200x600.jpg" alt="Plage de Lourtuais &#8211; Cap d&#8217;Erquy" /><span class="su-slider-slide-title">Plage de Lourtuais &#8211; Cap d&#8217;Erquy</span></a></div><div class="su-slider-slide"><a><img decoding="async" src="https://grandsite-capserquyfrehel.com/wp-content/uploads/2018/05/Paysage_Pleherel_GSCECF-1200x600.jpg" alt="Le Cap Fréhel vu de Pléhérel-Plage" /><span class="su-slider-slide-title">Le Cap Fréhel vu de Pléhérel-Plage</span></a></div><div class="su-slider-slide"><a><img decoding="async" src="https://grandsite-capserquyfrehel.com/wp-content/uploads/2018/05/Paysage_Pointe4Vents_GSCECF-1200x600.jpg" alt="Pointe des 4 Vents &#8211; Cap d&#8217;Erquy" /><span class="su-slider-slide-title">Pointe des 4 Vents &#8211; Cap d&#8217;Erquy</span></a></div></div><div class="su-slider-nav"><div class="su-slider-direction"><span class="su-slider-prev"></span><span class="su-slider-next"></span></div><div class="su-slider-pagination"></div></div></div>
