{"id":3396,"date":"2019-02-18T14:52:25","date_gmt":"2019-02-18T13:52:25","guid":{"rendered":"https:\/\/grandsite-capserquyfrehel.com\/?page_id=3396"},"modified":"2019-02-18T15:10:13","modified_gmt":"2019-02-18T14:10:13","slug":"partners","status":"publish","type":"page","link":"https:\/\/grandsite-capserquyfrehel.com\/en\/partners\/","title":{"rendered":"Partners"},"content":{"rendered":"<h3><span lang=\"en\">Institutional Partners<\/span><\/h3>\n<hr \/>\n<p><em>\u00a0<strong>DDTM (Direction D\u00e9partementale des Territoire et de la Mer)<br \/>\n<\/strong><\/em><em>3, Place du G\u00e9n\u00e9ral de Gaulle, 22023 SAINT BRIEUC<br \/>\n<\/em><em>02 96 62 47 00<br \/>\n<\/em><a href=\"mailto:ddtm@cotes-darmor.gouv.fr\" target=\"_blank\" rel=\"noopener\"><em>ddtm@cotes-darmor.gouv.fr<\/em><em>\u00a0<\/em><\/a><\/p>\n<p><em>\u00a0<strong>DREAL (Direction\u00a0R\u00e9gionale de l&#8217;Environnement et de l&#8217;Am\u00e9nagement et du Logement)<br \/>\n<\/strong><\/em><em>10 Rue Maurice Fabre CS 96515, 35065 RENNES Cedex<br \/>\n<\/em><em>02 99 33 45<\/em> 55<br \/>\n<a href=\"http:\/\/www.bretagne.developpement-durable.gouv.fr\/\" target=\"_blank\" rel=\"noopener\">http:\/\/www.bretagne.developpement-durable.gouv.fr\/<\/a><\/p>\n<p><em><strong>Minist\u00e8re de l&#8217;Ecologie, du D\u00e9veloppement durable, des Transports et du Logement<br \/>\n<\/strong><\/em><em>Grande Arche, Tour A et B, 92055 LA DEFENSE cedex<br \/>\n<\/em><em>01 40 81 21 22<br \/>\n<\/em><a href=\"http:\/\/www.developpement-durable.gouv.fr\/\" target=\"_blank\" rel=\"noopener\"><em>www.developpement-durable.gouv.fr<\/em><\/a><\/p>\n<p><em>\u00a0<\/em><em><strong>Pr\u00e9fecture de Saint Brieuc<br \/>\n<\/strong><\/em><em>1 place du G\u00e9n\u00e9ral de Gaulle, B.P 2370, 22023 Saint-Brieuc cedex 1<br \/>\n<\/em><em>02 96 62 44 22<br \/>\n<\/em><a href=\"http:\/\/www.cotes-darmor.pref.gouv.fr\/\" target=\"_blank\" rel=\"noopener\"><em>www.cotes-darmor.pref.gouv.fr<\/em><\/a><\/p>\n<p><em>\u00a0<\/em><em><strong>Sous Pr\u00e9f\u00e9cture de Dinan<br \/>\n<\/strong><\/em><em>17 rue Saint Michel, B.P 61, 22102 DINAN cedex<br \/>\n<\/em><em>02 96 62 44 22<\/em><\/p>\n<h3><\/h3>\n<p>&nbsp;<\/p>\n<h3>Collectivit\u00e9s<\/h3>\n<hr \/>\n<p><em><strong>Conseil G\u00e9n\u00e9ral des C\u00f4tes d&#8217;Armor<br \/>\n<\/strong><\/em><em>11 Place du G\u00e9n\u00e9ral de Gaulle, 22023 SAINT-BRIEUC Cedex 01<br \/>\n<\/em><em>02 96 62 62 22<br \/>\n<\/em><em>\u00a0<\/em><a href=\"http:\/\/www.cg22.fr\/\" target=\"_blank\" rel=\"noopener\"><em>www.cg22.fr<\/em><\/a><\/p>\n<p><em>\u00a0<\/em><em><strong>Conseil R\u00e9gional de Bretagne<br \/>\n<\/strong><\/em><em>283, Av. du G\u00e9n\u00e9ral Patton CS 21101, 35711 RENNES Cedex<br \/>\n<\/em><em>02 99 27 10 10<br \/>\n<\/em><a href=\"http:\/\/www.bretagne.fr\/internet\/jcms\/j_6\/accueil\" target=\"_blank\" rel=\"noopener\"><em>www.bretagne.fr\/internet\/jcms\/j_6\/accueil<\/em><\/a><\/p>\n<p><em>\u00a0<\/em><em><strong>Mairie d&#8217;Erquy<br \/>\n<\/strong><\/em><em>11 Square de l&#8217;H\u00f4tel de Ville, 22430 ERQUY<br \/>\n<\/em><em>02 96 63 64 64<br \/>\n<\/em><a href=\"http:\/\/www.ville-erquy.com\/\" target=\"_blank\" rel=\"noopener\"><em>www.ville-erquy.com<\/em><\/a><\/p>\n<p><em>\u00a0<\/em><em><strong>Mairie de Fr\u00e9hel<br \/>\n<\/strong><\/em><em>Place Chambly, 22240 FREHEL<br \/>\n<\/em><em>02 96 41 40 12<br \/>\n<\/em><a href=\"http:\/\/www.frehel.info\/\" target=\"_blank\" rel=\"noopener\"><em>www.frehel.info<\/em><\/a><\/p>\n<p><em>\u00a0<\/em><em><strong>Mairie de Pl\u00e9venon<br \/>\n<\/strong><\/em><em>Rue du Cap, 22240 PLEVENON<br \/>\n<\/em><em>02 96 41 43 06<br \/>\n<\/em><a href=\"http:\/\/www.plevenon.fr\/\" target=\"_blank\" rel=\"noopener\"><em>www.plevenon.fr<\/em><\/a><\/p>\n<p><em>\u00a0<\/em><em><strong>Mairie de Plurien<br \/>\n<\/strong><\/em><em>19 Rue Fleurians, 22240 PLURIEN<br \/>\n<\/em><em>02 96 72 17 23<\/em><\/p>\n<p><em><strong>Communaut\u00e9 de Communes Lamballe Terre et Mer<br \/>\n<\/strong><\/em><em>Espace Lamballe Terre &amp; mer,\u00a041 rue Saint Martin,\u00a022 400 LAMBALLE<br \/>\n<\/em><em>02 96 50 00 30<br \/>\n<\/em><a href=\"http:\/\/www.lamballe-terre-mer.bzh\/\" target=\"_blank\" rel=\"noopener\"><em>www.lamballe-terre-mer.bzh<\/em><\/a><\/p>\n<p><em>\u00a0<\/em><em><strong>Dinan Agglom\u00e9ration<br \/>\n<\/strong><\/em><em>34, rue Bertrand Robidou, BP 56 357, 22100 DINAN Cedex<br \/>\n<\/em><em>02 96 87 14 14<br \/>\n<\/em><a href=\"http:\/\/www.dinan-agglomeration.fr\/\" target=\"_blank\" rel=\"noopener\"><em>www.dinan-agglomeration.fr<\/em><\/a><\/p>\n<h3><\/h3>\n<p>&nbsp;<\/p>\n<h3><span lang=\"en\">Actors of tourism<\/span><\/h3>\n<hr \/>\n<p><em><strong>Service Tourisme du Conseil G\u00e9n\u00e9ral<br \/>\n<\/strong><\/em><em>11 Place du G\u00e9n\u00e9ral de Gaulle, 22023 SAINT-BRIEUC Cedex 01<br \/>\n<\/em><em>02 96 62 62 22<\/em><\/p>\n<p><em><strong>C\u00f4tes d&#8217;Armor d\u00e9veloppement<br \/>\n<\/strong><\/em><em>7 Rue Saint-Beno\u00eet, 22000 SAINT-BRIEUC<br \/>\n<\/em><em>02 96 62 72 01<br \/>\n<\/em><a href=\"http:\/\/www.cotesdarmor.com\/\" target=\"_blank\" rel=\"noopener\"><em>www.cotesdarmor.com<\/em><\/a><\/p>\n<p><em><strong>Comit\u00e9 R\u00e9gional du Tourisme<br \/>\n<\/strong><\/em><em>1 rue Raoul Ponchon, 35000 RENNES<br \/>\n<\/em><em>02 99 28 44 30<br \/>\n<\/em><a href=\"http:\/\/www.tourismebretagne.com\/\" target=\"_blank\" rel=\"noopener\"><em>www.tourismebretagne.com<\/em><\/a><\/p>\n<p><em><strong>Dinan-Cap Fr\u00e9hel Tourisme<br \/>\n<\/strong><\/em><em>9 Rue du Ch\u00e2teau, 22100 DINAN<br \/>\n<\/em><em>0 825 95 01 22<br \/>\n<\/em><a href=\"http:\/\/www.dinan-capfrehel.com\/\" target=\"_blank\" rel=\"noopener\">http:\/\/www.dinan-capfrehel.com\/<\/a><\/p>\n<p><strong><em>Cap d&#8217;Erquy-Val Andr\u00e9<\/em> Tourisme<br \/>\n<\/strong>41 Rue Saint-Martin, 22400 LAMBALLE<br \/>\n<em>02 96 72 30 12<br \/>\n<\/em><a href=\"http:\/\/www.capderquy-valandre.com\/\" target=\"_blank\" rel=\"noopener\">http:\/\/www.capderquy-valandre.com\/<\/a><\/p>\n<p>&nbsp;<\/p>\n<p>&nbsp;<\/p>\n<h3><span lang=\"en\">Networks<\/span><\/h3>\n<hr \/>\n<p><em><strong>Natura 2000<br \/>\n<\/strong><\/em><em>Site du Minist\u00e8re de l\u2019\u00e9cologie et du d\u00e9veloppement durable d\u00e9di\u00e9 \u00e0 Natura 2000<br \/>\n<\/em><a href=\"http:\/\/natura2000.fr\/\" target=\"_blank\" rel=\"noopener\"><em>http:\/\/natura2000.fr<\/em><\/a><\/p>\n<p><em><strong>REEB (R\u00e9seau d&#8217;Education \u00e0 l&#8217;Environnement en Bretagne)<br \/>\n<\/strong><\/em><em>All\u00e9e de Kernilien, 22200 PLOUISY<br \/>\n<\/em><em>02 96 48 97 99<br \/>\n<\/em><a href=\"http:\/\/www.reeb.asso.fr\/\" target=\"_blank\" rel=\"noopener\"><em>www.reeb.asso.fr<\/em><\/a><\/p>\n<p><em><strong>RGSF (R\u00e9seau des Grands Sites de France)<br \/>\n<\/strong><\/em><em>9, rue Moncey, 75009 PARIS<br \/>\n<\/em><em>01 48 74 39 29<br \/>\n<\/em><a href=\"http:\/\/www.grandsitedefrance.com\/\" target=\"_blank\" rel=\"noopener\"><em>www.grandsitedefrance.com<\/em><\/a><\/p>\n<p>&nbsp;<\/p>\n","protected":false},"excerpt":{"rendered":"<p>Institutional Partners \u00a0DDTM (Direction D\u00e9partementale des Territoire et de la Mer) 3, Place du G\u00e9n\u00e9ral de Gaulle, 22023 SAINT BRIEUC 02 96 62 47 00 ddtm@cotes-darmor.gouv.fr\u00a0 \u00a0DREAL (Direction\u00a0R\u00e9gionale de l&#8217;Environnement et de l&#8217;Am\u00e9nagement et du Logement) 10 Rue Maurice Fabre CS 96515, 35065 RENNES Cedex 02 99 33 45 55 http:\/\/www.bretagne.developpement-durable.gouv.fr\/ Minist\u00e8re de l&#8217;Ecologie, du [&hellip;]<\/p>\n","protected":false},"author":2,"featured_media":0,"parent":0,"menu_order":5,"comment_status":"closed","ping_status":"closed","template":"","meta":{"_acf_changed":false,"_exactmetrics_skip_tracking":false,"_exactmetrics_sitenote_active":false,"_exactmetrics_sitenote_note":"","_exactmetrics_sitenote_category":0,"_monsterinsights_skip_tracking":false,"_monsterinsights_sitenote_active":false,"_monsterinsights_sitenote_note":"","_monsterinsights_sitenote_category":0,"footnotes":""},"class_list":["post-3396","page","type-page","status-publish","hentry"],"acf":[],"_links":{"self":[{"href":"https:\/\/grandsite-capserquyfrehel.com\/en\/wp-json\/wp\/v2\/pages\/3396","targetHints":{"allow":["GET"]}}],"collection":[{"href":"https:\/\/grandsite-capserquyfrehel.com\/en\/wp-json\/wp\/v2\/pages"}],"about":[{"href":"https:\/\/grandsite-capserquyfrehel.com\/en\/wp-json\/wp\/v2\/types\/page"}],"author":[{"embeddable":true,"href":"https:\/\/grandsite-capserquyfrehel.com\/en\/wp-json\/wp\/v2\/users\/2"}],"replies":[{"embeddable":true,"href":"https:\/\/grandsite-capserquyfrehel.com\/en\/wp-json\/wp\/v2\/comments?post=3396"}],"version-history":[{"count":5,"href":"https:\/\/grandsite-capserquyfrehel.com\/en\/wp-json\/wp\/v2\/pages\/3396\/revisions"}],"predecessor-version":[{"id":3409,"href":"https:\/\/grandsite-capserquyfrehel.com\/en\/wp-json\/wp\/v2\/pages\/3396\/revisions\/3409"}],"wp:attachment":[{"href":"https:\/\/grandsite-capserquyfrehel.com\/en\/wp-json\/wp\/v2\/media?parent=3396"}],"curies":[{"name":"wp","href":"https:\/\/api.w.org\/{rel}","templated":true}]}}

<h3><span lang="en">Institutional Partners</span></h3>
<hr />
<p><em> <strong>DDTM (Direction Départementale des Territoire et de la Mer)<br />
</strong></em><em>3, Place du Général de Gaulle, 22023 SAINT BRIEUC<br />
</em><em>02 96 62 47 00<br />
</em><a href="mailto:ddtm@cotes-darmor.gouv.fr" target="_blank" rel="noopener"><em>ddtm@cotes-darmor.gouv.fr</em><em> </em></a></p>
<p><em> <strong>DREAL (Direction Régionale de l&#8217;Environnement et de l&#8217;Aménagement et du Logement)<br />
</strong></em><em>10 Rue Maurice Fabre CS 96515, 35065 RENNES Cedex<br />
</em><em>02 99 33 45</em> 55<br />
<a href="http://www.bretagne.developpement-durable.gouv.fr/" target="_blank" rel="noopener">http://www.bretagne.developpement-durable.gouv.fr/</a></p>
<p><em><strong>Ministère de l&#8217;Ecologie, du Développement durable, des Transports et du Logement<br />
</strong></em><em>Grande Arche, Tour A et B, 92055 LA DEFENSE cedex<br />
</em><em>01 40 81 21 22<br />
</em><a href="http://www.developpement-durable.gouv.fr/" target="_blank" rel="noopener"><em>www.developpement-durable.gouv.fr</em></a></p>
<p><em> </em><em><strong>Préfecture de Saint Brieuc<br />
</strong></em><em>1 place du Général de Gaulle, B.P 2370, 22023 Saint-Brieuc cedex 1<br />
</em><em>02 96 62 44 22<br />
</em><a href="http://www.cotes-darmor.pref.gouv.fr/" target="_blank" rel="noopener"><em>www.cotes-darmor.pref.gouv.fr</em></a></p>
<p><em> </em><em><strong>Sous Préfécture de Dinan<br />
</strong></em><em>17 rue Saint Michel, B.P 61, 22102 DINAN cedex<br />
</em><em>02 96 62 44 22</em></p>
<h3></h3>
<p>&nbsp;</p>
<h3>Collectivités</h3>
<hr />
<p><em><strong>Conseil Général des Côtes d&#8217;Armor<br />
</strong></em><em>11 Place du Général de Gaulle, 22023 SAINT-BRIEUC Cedex 01<br />
</em><em>02 96 62 62 22<br />
</em><em> </em><a href="http://www.cg22.fr/" target="_blank" rel="noopener"><em>www.cg22.fr</em></a></p>
<p><em> </em><em><strong>Conseil Régional de Bretagne<br />
</strong></em><em>283, Av. du Général Patton CS 21101, 35711 RENNES Cedex<br />
</em><em>02 99 27 10 10<br />
</em><a href="http://www.bretagne.fr/internet/jcms/j_6/accueil" target="_blank" rel="noopener"><em>www.bretagne.fr/internet/jcms/j_6/accueil</em></a></p>
<p><em> </em><em><strong>Mairie d&#8217;Erquy<br />
</strong></em><em>11 Square de l&#8217;Hôtel de Ville, 22430 ERQUY<br />
</em><em>02 96 63 64 64<br />
</em><a href="http://www.ville-erquy.com/" target="_blank" rel="noopener"><em>www.ville-erquy.com</em></a></p>
<p><em> </em><em><strong>Mairie de Fréhel<br />
</strong></em><em>Place Chambly, 22240 FREHEL<br />
</em><em>02 96 41 40 12<br />
</em><a href="http://www.frehel.info/" target="_blank" rel="noopener"><em>www.frehel.info</em></a></p>
<p><em> </em><em><strong>Mairie de Plévenon<br />
</strong></em><em>Rue du Cap, 22240 PLEVENON<br />
</em><em>02 96 41 43 06<br />
</em><a href="http://www.plevenon.fr/" target="_blank" rel="noopener"><em>www.plevenon.fr</em></a></p>
<p><em> </em><em><strong>Mairie de Plurien<br />
</strong></em><em>19 Rue Fleurians, 22240 PLURIEN<br />
</em><em>02 96 72 17 23</em></p>
<p><em><strong>Communauté de Communes Lamballe Terre et Mer<br />
</strong></em><em>Espace Lamballe Terre &amp; mer, 41 rue Saint Martin, 22 400 LAMBALLE<br />
</em><em>02 96 50 00 30<br />
</em><a href="http://www.lamballe-terre-mer.bzh/" target="_blank" rel="noopener"><em>www.lamballe-terre-mer.bzh</em></a></p>
<p><em> </em><em><strong>Dinan Agglomération<br />
</strong></em><em>34, rue Bertrand Robidou, BP 56 357, 22100 DINAN Cedex<br />
</em><em>02 96 87 14 14<br />
</em><a href="http://www.dinan-agglomeration.fr/" target="_blank" rel="noopener"><em>www.dinan-agglomeration.fr</em></a></p>
<h3></h3>
<p>&nbsp;</p>
<h3><span lang="en">Actors of tourism</span></h3>
<hr />
<p><em><strong>Service Tourisme du Conseil Général<br />
</strong></em><em>11 Place du Général de Gaulle, 22023 SAINT-BRIEUC Cedex 01<br />
</em><em>02 96 62 62 22</em></p>
<p><em><strong>Côtes d&#8217;Armor développement<br />
</strong></em><em>7 Rue Saint-Benoît, 22000 SAINT-BRIEUC<br />
</em><em>02 96 62 72 01<br />
</em><a href="http://www.cotesdarmor.com/" target="_blank" rel="noopener"><em>www.cotesdarmor.com</em></a></p>
<p><em><strong>Comité Régional du Tourisme<br />
</strong></em><em>1 rue Raoul Ponchon, 35000 RENNES<br />
</em><em>02 99 28 44 30<br />
</em><a href="http://www.tourismebretagne.com/" target="_blank" rel="noopener"><em>www.tourismebretagne.com</em></a></p>
<p><em><strong>Dinan-Cap Fréhel Tourisme<br />
</strong></em><em>9 Rue du Château, 22100 DINAN<br />
</em><em>0 825 95 01 22<br />
</em><a href="http://www.dinan-capfrehel.com/" target="_blank" rel="noopener">http://www.dinan-capfrehel.com/</a></p>
<p><strong><em>Cap d&#8217;Erquy-Val André</em> Tourisme<br />
</strong>41 Rue Saint-Martin, 22400 LAMBALLE<br />
<em>02 96 72 30 12<br />
</em><a href="http://www.capderquy-valandre.com/" target="_blank" rel="noopener">http://www.capderquy-valandre.com/</a></p>
<p>&nbsp;</p>
<p>&nbsp;</p>
<h3><span lang="en">Networks</span></h3>
<hr />
<p><em><strong>Natura 2000<br />
</strong></em><em>Site du Ministère de l’écologie et du développement durable dédié à Natura 2000<br />
</em><a href="http://natura2000.fr/" target="_blank" rel="noopener"><em>http://natura2000.fr</em></a></p>
<p><em><strong>REEB (Réseau d&#8217;Education à l&#8217;Environnement en Bretagne)<br />
</strong></em><em>Allée de Kernilien, 22200 PLOUISY<br />
</em><em>02 96 48 97 99<br />
</em><a href="http://www.reeb.asso.fr/" target="_blank" rel="noopener"><em>www.reeb.asso.fr</em></a></p>
<p><em><strong>RGSF (Réseau des Grands Sites de France)<br />
</strong></em><em>9, rue Moncey, 75009 PARIS<br />
</em><em>01 48 74 39 29<br />
</em><a href="http://www.grandsitedefrance.com/" target="_blank" rel="noopener"><em>www.grandsitedefrance.com</em></a></p>
<p>&nbsp;</p>

<p>Institutional Partners  DDTM (Direction Départementale des Territoire et de la Mer) 3, Place du Général de Gaulle, 22023 SAINT BRIEUC 02 96 62 47 00 ddtm@cotes-darmor.gouv.fr   DREAL (Direction Régionale de l&#8217;Environnement et de l&#8217;Aménagement et du Logement) 10 Rue Maurice Fabre CS 96515, 35065 RENNES Cedex 02 99 33 45 55 http://www.bretagne.developpement-durable.gouv.fr/ Ministère de l&#8217;Ecologie, du [&hellip;]</p>
